{"id":4071,"date":"2025-08-02T16:13:58","date_gmt":"2025-08-02T16:13:58","guid":{"rendered":"https:\/\/www.lamalasuerte.es\/?post_type=product&#038;p=4071"},"modified":"2026-03-03T17:31:58","modified_gmt":"2026-03-03T17:31:58","slug":"e-ho-seguito-il-vento","status":"publish","type":"product","link":"https:\/\/www.lamalasuerte.es\/it\/producto\/e-ho-seguito-il-vento\/","title":{"rendered":"E ho seguito il vento"},"content":{"rendered":"<p>A distanza di 50 anni, il giro del mondo in motocicletta di Anne-France Dautheville offre ancora un meraviglioso spaccato degli anni 70, degli psichedelici, rivoluzionari, ribelli anni 70, quando i giovani, sulla scia del \u201968, rovesciarono i punti fermi delle rispettive societ\u00e0 patriarcali, guerrafondaie e scioviniste.<br \/>\nPer la sua impresa, l\u2019autrice sceglie una piccola, anzi piccolissima, due tempi, una Kawasaki GAS 100cc, gialla, che col suo suono graffiante e metallico, lenta e stracarica, completer\u00e0 un insieme stravagante e divertente, il cui incedere indomito, sfrontatamente rumoroso e allegro, invece di generare diffidenza, susciter\u00e0 ogni volta curiosit\u00e0 e amicizia.<br \/>\nSenza mai rinunciare a una caustica ironia, senza mai giudicare, ma solo osservando con implacabile acutezza, contro ogni luogo comune, la sua \u00e8 una storia fatta solo di bei ricordi, dove si pu\u00f2 sorridere anche dei brutti momenti. Ci\u00f2 che apprende non l\u2019abbandoner\u00e0 pi\u00f9: che sotto la crosta delle enormi diversit\u00e0 tra popoli esistono radici comuni, un\u2019umanit\u00e0 che vive e sogna allo stesso modo. Ed \u00e8 in quella che il viaggiatore dovr\u00e0 sempre confidare per comprendere, e per sentirsi compreso.<\/p>\n<p>&nbsp;<\/p>\n<p><strong>Spedizione gratuita in Italia tramite <span class=\"BxUVEf ILfuVd\" lang=\"it\"><span class=\"hgKElc\">piego di libri<\/span><\/span>.<\/strong><\/p>\n<p><strong>Attenzione: L&#8217;opzione di spedizione gratuita apparir\u00e0 dopo aver compilato il format con l&#8217;indirizzo di spedizione!<\/strong><\/p>\n","protected":false},"excerpt":{"rendered":"<p>A distanza di 50 anni, il giro del mondo in motocicletta di Anne-France Dautheville offre ancora un meraviglioso spaccato degli anni 70, degli psichedelici, rivoluzionari, ribelli anni 70, quando i giovani, sulla scia del \u201968, rovesciarono i punti fermi delle rispettive societ\u00e0 patriarcali, guerrafondaie e scioviniste.<\/p>\n","protected":false},"featured_media":4129,"comment_status":"closed","ping_status":"closed","template":"","meta":{"_acf_changed":false,"site-sidebar-layout":"default","site-content-layout":"","ast-site-content-layout":"default","site-content-style":"default","site-sidebar-style":"default","ast-global-header-display":"","ast-banner-title-visibility":"","ast-main-header-display":"","ast-hfb-above-header-display":"","ast-hfb-below-header-display":"","ast-hfb-mobile-header-display":"","site-post-title":"","ast-breadcrumbs-content":"","ast-featured-img":"","footer-sml-layout":"","ast-disable-related-posts":"","theme-transparent-header-meta":"default","adv-header-id-meta":"","stick-header-meta":"","header-above-stick-meta":"","header-main-stick-meta":"","header-below-stick-meta":"","astra-migrate-meta-layouts":"set","ast-page-background-enabled":"default","ast-page-background-meta":{"desktop":{"background-color":"var(--ast-global-color-5)","background-image":"","background-repeat":"repeat","background-position":"center center","background-size":"auto","background-attachment":"scroll","background-type":"","background-media":"","overlay-type":"","overlay-color":"","overlay-opacity":"","overlay-gradient":""},"tablet":{"background-color":"","background-image":"","background-repeat":"repeat","background-position":"center center","background-size":"auto","background-attachment":"scroll","background-type":"","background-media":"","overlay-type":"","overlay-color":"","overlay-opacity":"","overlay-gradient":""},"mobile":{"background-color":"","background-image":"","background-repeat":"repeat","background-position":"center center","background-size":"auto","background-attachment":"scroll","background-type":"","background-media":"","overlay-type":"","overlay-color":"","overlay-opacity":"","overlay-gradient":""}},"ast-content-background-meta":{"desktop":{"background-color":"var(--ast-global-color-4)","background-image":"","background-repeat":"repeat","background-position":"center center","background-size":"auto","background-attachment":"scroll","background-type":"","background-media":"","overlay-type":"","overlay-color":"","overlay-opacity":"","overlay-gradient":""},"tablet":{"background-color":"var(--ast-global-color-4)","background-image":"","background-repeat":"repeat","background-position":"center center","background-size":"auto","background-attachment":"scroll","background-type":"","background-media":"","overlay-type":"","overlay-color":"","overlay-opacity":"","overlay-gradient":""},"mobile":{"background-color":"var(--ast-global-color-4)","background-image":"","background-repeat":"repeat","background-position":"center center","background-size":"auto","background-attachment":"scroll","background-type":"","background-media":"","overlay-type":"","overlay-color":"","overlay-opacity":"","overlay-gradient":""}}},"product_brand":[],"product_cat":[87,66],"product_tag":[],"class_list":{"0":"post-4071","1":"product","2":"type-product","3":"status-publish","4":"has-post-thumbnail","6":"product_cat-dautheville-anne-france","7":"product_cat-viaggi-in-moto","8":"desktop-align-left","9":"tablet-align-left","10":"mobile-align-left","12":"first","13":"instock","14":"taxable","15":"shipping-taxable","16":"purchasable","17":"product-type-simple"},"acf":[],"yoast_head":"<!-- This site is optimized with the Yoast SEO plugin v27.4 - https:\/\/yoast.com\/product\/yoast-seo-wordpress\/ -->\n<title>E ho seguito il vento |<\/title>\n<meta name=\"robots\" content=\"index, follow, max-snippet:-1, max-image-preview:large, max-video-preview:-1\" \/>\n<link rel=\"canonical\" href=\"https:\/\/www.lamalasuerte.es\/it\/producto\/e-ho-seguito-il-vento\/\" \/>\n<meta property=\"og:locale\" content=\"it_IT\" \/>\n<meta property=\"og:type\" content=\"article\" \/>\n<meta property=\"og:title\" content=\"E ho seguito il vento |\" \/>\n<meta property=\"og:description\" content=\"A distanza di 50 anni, il giro del mondo in motocicletta di Anne-France Dautheville offre ancora un meraviglioso spaccato degli anni 70, degli psichedelici, rivoluzionari, ribelli anni 70, quando i giovani, sulla scia del \u201968, rovesciarono i punti fermi delle rispettive societ\u00e0 patriarcali, guerrafondaie e scioviniste.\" \/>\n<meta property=\"og:url\" content=\"https:\/\/www.lamalasuerte.es\/it\/producto\/e-ho-seguito-il-vento\/\" \/>\n<meta property=\"article:modified_time\" content=\"2026-03-03T17:31:58+00:00\" \/>\n<meta property=\"og:image\" content=\"https:\/\/www.lamalasuerte.es\/wp-content\/uploads\/2025\/08\/PORTADA-2-scaled.jpg\" \/>\n\t<meta property=\"og:image:width\" content=\"1578\" \/>\n\t<meta property=\"og:image:height\" content=\"2560\" \/>\n\t<meta property=\"og:image:type\" content=\"image\/jpeg\" \/>\n<meta name=\"twitter:card\" content=\"summary_large_image\" \/>\n<meta name=\"twitter:label1\" content=\"Tempo di lettura stimato\" \/>\n\t<meta name=\"twitter:data1\" content=\"2 minuti\" \/>\n<script type=\"application\/ld+json\" class=\"yoast-schema-graph\">{\"@context\":\"https:\\\/\\\/schema.org\",\"@graph\":[{\"@type\":\"WebPage\",\"@id\":\"https:\\\/\\\/www.lamalasuerte.es\\\/it\\\/producto\\\/e-ho-seguito-il-vento\\\/\",\"url\":\"https:\\\/\\\/www.lamalasuerte.es\\\/it\\\/producto\\\/e-ho-seguito-il-vento\\\/\",\"name\":\"E ho seguito il vento |\",\"isPartOf\":{\"@id\":\"https:\\\/\\\/www.lamalasuerte.es\\\/it\\\/#website\"},\"primaryImageOfPage\":{\"@id\":\"https:\\\/\\\/www.lamalasuerte.es\\\/it\\\/producto\\\/e-ho-seguito-il-vento\\\/#primaryimage\"},\"image\":{\"@id\":\"https:\\\/\\\/www.lamalasuerte.es\\\/it\\\/producto\\\/e-ho-seguito-il-vento\\\/#primaryimage\"},\"thumbnailUrl\":\"https:\\\/\\\/www.lamalasuerte.es\\\/wp-content\\\/uploads\\\/2025\\\/08\\\/PORTADA-2-scaled.jpg\",\"datePublished\":\"2025-08-02T16:13:58+00:00\",\"dateModified\":\"2026-03-03T17:31:58+00:00\",\"breadcrumb\":{\"@id\":\"https:\\\/\\\/www.lamalasuerte.es\\\/it\\\/producto\\\/e-ho-seguito-il-vento\\\/#breadcrumb\"},\"inLanguage\":\"it-IT\",\"potentialAction\":[{\"@type\":\"ReadAction\",\"target\":[\"https:\\\/\\\/www.lamalasuerte.es\\\/it\\\/producto\\\/e-ho-seguito-il-vento\\\/\"]}]},{\"@type\":\"ImageObject\",\"inLanguage\":\"it-IT\",\"@id\":\"https:\\\/\\\/www.lamalasuerte.es\\\/it\\\/producto\\\/e-ho-seguito-il-vento\\\/#primaryimage\",\"url\":\"https:\\\/\\\/www.lamalasuerte.es\\\/wp-content\\\/uploads\\\/2025\\\/08\\\/PORTADA-2-scaled.jpg\",\"contentUrl\":\"https:\\\/\\\/www.lamalasuerte.es\\\/wp-content\\\/uploads\\\/2025\\\/08\\\/PORTADA-2-scaled.jpg\",\"width\":1578,\"height\":2560},{\"@type\":\"BreadcrumbList\",\"@id\":\"https:\\\/\\\/www.lamalasuerte.es\\\/it\\\/producto\\\/e-ho-seguito-il-vento\\\/#breadcrumb\",\"itemListElement\":[{\"@type\":\"ListItem\",\"position\":1,\"name\":\"Inizio\",\"item\":\"https:\\\/\\\/www.lamalasuerte.es\\\/it\\\/\"},{\"@type\":\"ListItem\",\"position\":2,\"name\":\"Negozio\",\"item\":\"https:\\\/\\\/www.lamalasuerte.es\\\/negozio\\\/\"},{\"@type\":\"ListItem\",\"position\":3,\"name\":\"E ho seguito il vento\"}]},{\"@type\":\"WebSite\",\"@id\":\"https:\\\/\\\/www.lamalasuerte.es\\\/it\\\/#website\",\"url\":\"https:\\\/\\\/www.lamalasuerte.es\\\/it\\\/\",\"name\":\"\",\"description\":\"La editorial especializada en motociclismo cl\u00e1sico\",\"potentialAction\":[{\"@type\":\"SearchAction\",\"target\":{\"@type\":\"EntryPoint\",\"urlTemplate\":\"https:\\\/\\\/www.lamalasuerte.es\\\/it\\\/?s={search_term_string}\"},\"query-input\":{\"@type\":\"PropertyValueSpecification\",\"valueRequired\":true,\"valueName\":\"search_term_string\"}}],\"inLanguage\":\"it-IT\"}]}<\/script>\n<!-- \/ Yoast SEO plugin. -->","yoast_head_json":{"title":"E ho seguito il vento |","robots":{"index":"index","follow":"follow","max-snippet":"max-snippet:-1","max-image-preview":"max-image-preview:large","max-video-preview":"max-video-preview:-1"},"canonical":"https:\/\/www.lamalasuerte.es\/it\/producto\/e-ho-seguito-il-vento\/","og_locale":"it_IT","og_type":"article","og_title":"E ho seguito il vento |","og_description":"A distanza di 50 anni, il giro del mondo in motocicletta di Anne-France Dautheville offre ancora un meraviglioso spaccato degli anni 70, degli psichedelici, rivoluzionari, ribelli anni 70, quando i giovani, sulla scia del \u201968, rovesciarono i punti fermi delle rispettive societ\u00e0 patriarcali, guerrafondaie e scioviniste.","og_url":"https:\/\/www.lamalasuerte.es\/it\/producto\/e-ho-seguito-il-vento\/","article_modified_time":"2026-03-03T17:31:58+00:00","og_image":[{"width":1578,"height":2560,"url":"https:\/\/www.lamalasuerte.es\/wp-content\/uploads\/2025\/08\/PORTADA-2-scaled.jpg","type":"image\/jpeg"}],"twitter_card":"summary_large_image","twitter_misc":{"Tempo di lettura stimato":"2 minuti"},"schema":{"@context":"https:\/\/schema.org","@graph":[{"@type":"WebPage","@id":"https:\/\/www.lamalasuerte.es\/it\/producto\/e-ho-seguito-il-vento\/","url":"https:\/\/www.lamalasuerte.es\/it\/producto\/e-ho-seguito-il-vento\/","name":"E ho seguito il vento |","isPartOf":{"@id":"https:\/\/www.lamalasuerte.es\/it\/#website"},"primaryImageOfPage":{"@id":"https:\/\/www.lamalasuerte.es\/it\/producto\/e-ho-seguito-il-vento\/#primaryimage"},"image":{"@id":"https:\/\/www.lamalasuerte.es\/it\/producto\/e-ho-seguito-il-vento\/#primaryimage"},"thumbnailUrl":"https:\/\/www.lamalasuerte.es\/wp-content\/uploads\/2025\/08\/PORTADA-2-scaled.jpg","datePublished":"2025-08-02T16:13:58+00:00","dateModified":"2026-03-03T17:31:58+00:00","breadcrumb":{"@id":"https:\/\/www.lamalasuerte.es\/it\/producto\/e-ho-seguito-il-vento\/#breadcrumb"},"inLanguage":"it-IT","potentialAction":[{"@type":"ReadAction","target":["https:\/\/www.lamalasuerte.es\/it\/producto\/e-ho-seguito-il-vento\/"]}]},{"@type":"ImageObject","inLanguage":"it-IT","@id":"https:\/\/www.lamalasuerte.es\/it\/producto\/e-ho-seguito-il-vento\/#primaryimage","url":"https:\/\/www.lamalasuerte.es\/wp-content\/uploads\/2025\/08\/PORTADA-2-scaled.jpg","contentUrl":"https:\/\/www.lamalasuerte.es\/wp-content\/uploads\/2025\/08\/PORTADA-2-scaled.jpg","width":1578,"height":2560},{"@type":"BreadcrumbList","@id":"https:\/\/www.lamalasuerte.es\/it\/producto\/e-ho-seguito-il-vento\/#breadcrumb","itemListElement":[{"@type":"ListItem","position":1,"name":"Inizio","item":"https:\/\/www.lamalasuerte.es\/it\/"},{"@type":"ListItem","position":2,"name":"Negozio","item":"https:\/\/www.lamalasuerte.es\/negozio\/"},{"@type":"ListItem","position":3,"name":"E ho seguito il vento"}]},{"@type":"WebSite","@id":"https:\/\/www.lamalasuerte.es\/it\/#website","url":"https:\/\/www.lamalasuerte.es\/it\/","name":"","description":"La editorial especializada en motociclismo cl\u00e1sico","potentialAction":[{"@type":"SearchAction","target":{"@type":"EntryPoint","urlTemplate":"https:\/\/www.lamalasuerte.es\/it\/?s={search_term_string}"},"query-input":{"@type":"PropertyValueSpecification","valueRequired":true,"valueName":"search_term_string"}}],"inLanguage":"it-IT"}]}},"_links":{"self":[{"href":"https:\/\/www.lamalasuerte.es\/it\/wp-json\/wp\/v2\/product\/4071","targetHints":{"allow":["GET"]}}],"collection":[{"href":"https:\/\/www.lamalasuerte.es\/it\/wp-json\/wp\/v2\/product"}],"about":[{"href":"https:\/\/www.lamalasuerte.es\/it\/wp-json\/wp\/v2\/types\/product"}],"replies":[{"embeddable":true,"href":"https:\/\/www.lamalasuerte.es\/it\/wp-json\/wp\/v2\/comments?post=4071"}],"wp:featuredmedia":[{"embeddable":true,"href":"https:\/\/www.lamalasuerte.es\/it\/wp-json\/wp\/v2\/media\/4129"}],"wp:attachment":[{"href":"https:\/\/www.lamalasuerte.es\/it\/wp-json\/wp\/v2\/media?parent=4071"}],"wp:term":[{"taxonomy":"product_brand","embeddable":true,"href":"https:\/\/www.lamalasuerte.es\/it\/wp-json\/wp\/v2\/product_brand?post=4071"},{"taxonomy":"product_cat","embeddable":true,"href":"https:\/\/www.lamalasuerte.es\/it\/wp-json\/wp\/v2\/product_cat?post=4071"},{"taxonomy":"product_tag","embeddable":true,"href":"https:\/\/www.lamalasuerte.es\/it\/wp-json\/wp\/v2\/product_tag?post=4071"}],"curies":[{"name":"wp","href":"https:\/\/api.w.org\/{rel}","templated":true}]}}

<p>A distanza di 50 anni, il giro del mondo in motocicletta di Anne-France Dautheville offre ancora un meraviglioso spaccato degli anni 70, degli psichedelici, rivoluzionari, ribelli anni 70, quando i giovani, sulla scia del ’68, rovesciarono i punti fermi delle rispettive società patriarcali, guerrafondaie e scioviniste.<br />
Per la sua impresa, l’autrice sceglie una piccola, anzi piccolissima, due tempi, una Kawasaki GAS 100cc, gialla, che col suo suono graffiante e metallico, lenta e stracarica, completerà un insieme stravagante e divertente, il cui incedere indomito, sfrontatamente rumoroso e allegro, invece di generare diffidenza, susciterà ogni volta curiosità e amicizia.<br />
Senza mai rinunciare a una caustica ironia, senza mai giudicare, ma solo osservando con implacabile acutezza, contro ogni luogo comune, la sua è una storia fatta solo di bei ricordi, dove si può sorridere anche dei brutti momenti. Ciò che apprende non l’abbandonerà più: che sotto la crosta delle enormi diversità tra popoli esistono radici comuni, un’umanità che vive e sogna allo stesso modo. Ed è in quella che il viaggiatore dovrà sempre confidare per comprendere, e per sentirsi compreso.</p>
<p>&nbsp;</p>
<p><strong>Spedizione gratuita in Italia tramite <span class="BxUVEf ILfuVd" lang="it"><span class="hgKElc">piego di libri</span></span>.</strong></p>
<p><strong>Attenzione: L&#8217;opzione di spedizione gratuita apparirà dopo aver compilato il format con l&#8217;indirizzo di spedizione!</strong></p>

<p>A distanza di 50 anni, il giro del mondo in motocicletta di Anne-France Dautheville offre ancora un meraviglioso spaccato degli anni 70, degli psichedelici, rivoluzionari, ribelli anni 70, quando i giovani, sulla scia del ’68, rovesciarono i punti fermi delle rispettive società patriarcali, guerrafondaie e scioviniste.</p>

<!-- This site is optimized with the Yoast SEO plugin v27.4 - https://yoast.com/product/yoast-seo-wordpress/ -->
<title>E ho seguito il vento |</title>
<meta name="robots" content="index, follow, max-snippet:-1, max-image-preview:large, max-video-preview:-1" />
<link rel="canonical" href="https://www.lamalasuerte.es/it/producto/e-ho-seguito-il-vento/" />
<meta property="og:locale" content="it_IT" />
<meta property="og:type" content="article" />
<meta property="og:title" content="E ho seguito il vento |" />
<meta property="og:description" content="A distanza di 50 anni, il giro del mondo in motocicletta di Anne-France Dautheville offre ancora un meraviglioso spaccato degli anni 70, degli psichedelici, rivoluzionari, ribelli anni 70, quando i giovani, sulla scia del ’68, rovesciarono i punti fermi delle rispettive società patriarcali, guerrafondaie e scioviniste." />
<meta property="og:url" content="https://www.lamalasuerte.es/it/producto/e-ho-seguito-il-vento/" />
<meta property="article:modified_time" content="2026-03-03T17:31:58+00:00" />
<meta property="og:image" content="https://www.lamalasuerte.es/wp-content/uploads/2025/08/PORTADA-2-scaled.jpg" />
	<meta property="og:image:width" content="1578" />
	<meta property="og:image:height" content="2560" />
	<meta property="og:image:type" content="image/jpeg" />
<meta name="twitter:card" content="summary_large_image" />
<meta name="twitter:label1" content="Tempo di lettura stimato" />
	<meta name="twitter:data1" content="2 minuti" />
<script type="application/ld+json" class="yoast-schema-graph">{"@context":"https:\/\/schema.org","@graph":[{"@type":"WebPage","@id":"https:\/\/www.lamalasuerte.es\/it\/producto\/e-ho-seguito-il-vento\/","url":"https:\/\/www.lamalasuerte.es\/it\/producto\/e-ho-seguito-il-vento\/","name":"E ho seguito il vento |","isPartOf":{"@id":"https:\/\/www.lamalasuerte.es\/it\/#website"},"primaryImageOfPage":{"@id":"https:\/\/www.lamalasuerte.es\/it\/producto\/e-ho-seguito-il-vento\/#primaryimage"},"image":{"@id":"https:\/\/www.lamalasuerte.es\/it\/producto\/e-ho-seguito-il-vento\/#primaryimage"},"thumbnailUrl":"https:\/\/www.lamalasuerte.es\/wp-content\/uploads\/2025\/08\/PORTADA-2-scaled.jpg","datePublished":"2025-08-02T16:13:58+00:00","dateModified":"2026-03-03T17:31:58+00:00","breadcrumb":{"@id":"https:\/\/www.lamalasuerte.es\/it\/producto\/e-ho-seguito-il-vento\/#breadcrumb"},"inLanguage":"it-IT","potentialAction":[{"@type":"ReadAction","target":["https:\/\/www.lamalasuerte.es\/it\/producto\/e-ho-seguito-il-vento\/"]}]},{"@type":"ImageObject","inLanguage":"it-IT","@id":"https:\/\/www.lamalasuerte.es\/it\/producto\/e-ho-seguito-il-vento\/#primaryimage","url":"https:\/\/www.lamalasuerte.es\/wp-content\/uploads\/2025\/08\/PORTADA-2-scaled.jpg","contentUrl":"https:\/\/www.lamalasuerte.es\/wp-content\/uploads\/2025\/08\/PORTADA-2-scaled.jpg","width":1578,"height":2560},{"@type":"BreadcrumbList","@id":"https:\/\/www.lamalasuerte.es\/it\/producto\/e-ho-seguito-il-vento\/#breadcrumb","itemListElement":[{"@type":"ListItem","position":1,"name":"Inizio","item":"https:\/\/www.lamalasuerte.es\/it\/"},{"@type":"ListItem","position":2,"name":"Negozio","item":"https:\/\/www.lamalasuerte.es\/negozio\/"},{"@type":"ListItem","position":3,"name":"E ho seguito il vento"}]},{"@type":"WebSite","@id":"https:\/\/www.lamalasuerte.es\/it\/#website","url":"https:\/\/www.lamalasuerte.es\/it\/","name":"","description":"La editorial especializada en motociclismo clásico","potentialAction":[{"@type":"SearchAction","target":{"@type":"EntryPoint","urlTemplate":"https:\/\/www.lamalasuerte.es\/it\/?s={search_term_string}"},"query-input":{"@type":"PropertyValueSpecification","valueRequired":true,"valueName":"search_term_string"}}],"inLanguage":"it-IT"}]}</script>
<!-- / Yoast SEO plugin. -->

A distanza di 50 anni, il giro del mondo in motocicletta di Anne-France Dautheville offre ancora un meraviglioso spaccato degli anni 70, degli psichedelici, rivoluzionari, ribelli anni 70, quando i giovani, sulla scia del ’68, rovesciarono i punti fermi delle rispettive società patriarcali, guerrafondaie e scioviniste.

La editorial especializada en motociclismo clásico
